{"id":336,"date":"2025-06-27T15:15:35","date_gmt":"2025-06-27T13:15:35","guid":{"rendered":"http:\/\/www.bimbamondosmi.com\/wp2025\/?page_id=336"},"modified":"2025-07-01T10:56:33","modified_gmt":"2025-07-01T08:56:33","slug":"raccolta-indumenti","status":"publish","type":"page","link":"http:\/\/www.bimbamondosmi.com\/wp2025\/raccolta-indumenti\/","title":{"rendered":"Raccolta indumenti"},"content":{"rendered":"<div class=\"wpb-content-wrapper\"><p>[vc_row css_animation=&#8221;&#8221; row_type=&#8221;row&#8221; use_row_as_full_screen_section=&#8221;no&#8221; type=&#8221;full_width&#8221; angled_section=&#8221;no&#8221; text_align=&#8221;left&#8221; background_image_as_pattern=&#8221;without_pattern&#8221; z_index=&#8221;&#8221;][vc_column][vc_single_image image=&#8221;668&#8243; img_size=&#8221;full&#8221; alignment=&#8221;center&#8221; css=&#8221;&#8221; qode_css_animation=&#8221;&#8221;][vc_empty_space height=&#8221;50&#8243;][\/vc_column][\/vc_row][vc_row css_animation=&#8221;&#8221; row_type=&#8221;row&#8221; use_row_as_full_screen_section=&#8221;no&#8221; type=&#8221;full_width&#8221; angled_section=&#8221;no&#8221; text_align=&#8221;left&#8221; background_image_as_pattern=&#8221;without_pattern&#8221;][vc_column][vc_empty_space height=&#8221;20px&#8221;][vc_column_text css=&#8221;&#8221;]<\/p>\n<h2 style=\"text-align: center;\">Raccolta indumenti<\/h2>\n<p>[\/vc_column_text][vc_empty_space height=&#8221;20px&#8221;][vc_row_inner row_type=&#8221;row&#8221; type=&#8221;grid&#8221; text_align=&#8221;left&#8221; css_animation=&#8221;&#8221;][vc_column_inner width=&#8221;1\/3&#8243;][vc_single_image image=&#8221;340&#8243; img_size=&#8221;full&#8221; alignment=&#8221;center&#8221; css=&#8221;&#8221; qode_css_animation=&#8221;&#8221;][vc_empty_space height=&#8221;20px&#8221;][\/vc_column_inner][vc_column_inner width=&#8221;1\/3&#8243;][vc_column_text css=&#8221;&#8221;]<\/p>\n<p class=\"testo\">L\u2019idea nasce da tre imprenditori che hanno a cuore l\u2019ambiente e l\u2019amore per i bambini, che decidono di unire le loro forze mettendo a disposizione tutta la loro esperienza acquisita in anni di lavoro.<br \/>\nL\u2019obiettivo di questa sinergia \u00e8 la raccolta di indumenti usati sul territorio, il cui ricavato verr\u00e0 devoluto per un progetto reale che aiuter\u00e0 le persone meno fortunate ed i bambini. La loro iniziativa vuole dare sostegno alle Suore di Maria Immacolata, portando ad aumentare il numero delle suore srinlankesi , gi\u00e0 presenti presso la Basilica di Napoli e presto anche presso la Parrocchia di Polpenazze del Garda dove daranno aiuto alla comunit\u00e0.<br \/>\nLe suore di Maria Immacolata aiutate dalla ETS BIMBA MONDO si prendono cura delle bambine dell\u2019orfanotrofio femminile del Kelaniya, i ricavi di questo progetto verranno indirizzati per la ricostruzione dell\u2019orfanotrofio e il sostentamento delle piccole bambine.<\/p>\n<p>[\/vc_column_text][vc_empty_space height=&#8221;20px&#8221;][\/vc_column_inner][vc_column_inner width=&#8221;1\/3&#8243;][vc_column_text css=&#8221;&#8221;]<\/p>\n<h2>Scarica l&#8217;informativa<\/h2>\n<p>[\/vc_column_text][vc_empty_space height=&#8221;20px&#8221;]<a  itemprop=\"url\" href=\"http:\/\/www.bimbamondosmi.com\/wp2025\/wp-content\/uploads\/2025\/06\/raccolta.pdf\" target=\"_self\"  class=\"qbutton  default\" style=\"\">PDF INFORMATIVA<\/a>[vc_empty_space height=&#8221;20px&#8221;][\/vc_column_inner][\/vc_row_inner][vc_empty_space height=&#8221;20px&#8221;][\/vc_column][\/vc_row]<\/p>\n<\/div>","protected":false},"excerpt":{"rendered":"<p>[vc_row css_animation=&#8221;&#8221; row_type=&#8221;row&#8221; use_row_as_full_screen_section=&#8221;no&#8221; type=&#8221;full_width&#8221; angled_section=&#8221;no&#8221; text_align=&#8221;left&#8221; background_image_as_pattern=&#8221;without_pattern&#8221; z_index=&#8221;&#8221;][vc_column][vc_single_image image=&#8221;668&#8243; img_size=&#8221;full&#8221; alignment=&#8221;center&#8221; css=&#8221;&#8221; qode_css_animation=&#8221;&#8221;][vc_empty_space height=&#8221;50&#8243;][\/vc_column][\/vc_row][vc_row css_animation=&#8221;&#8221; row_type=&#8221;row&#8221; use_row_as_full_screen_section=&#8221;no&#8221; type=&#8221;full_width&#8221; angled_section=&#8221;no&#8221; text_align=&#8221;left&#8221; background_image_as_pattern=&#8221;without_pattern&#8221;][vc_column][vc_empty_space height=&#8221;20px&#8221;][vc_column_text css=&#8221;&#8221;] Raccolta indumenti [\/vc_column_text][vc_empty_space height=&#8221;20px&#8221;][vc_row_inner row_type=&#8221;row&#8221; type=&#8221;grid&#8221; text_align=&#8221;left&#8221; css_animation=&#8221;&#8221;][vc_column_inner width=&#8221;1\/3&#8243;][vc_single_image image=&#8221;340&#8243; img_size=&#8221;full&#8221; alignment=&#8221;center&#8221; css=&#8221;&#8221; qode_css_animation=&#8221;&#8221;][vc_empty_space height=&#8221;20px&#8221;][\/vc_column_inner][vc_column_inner width=&#8221;1\/3&#8243;][vc_column_text css=&#8221;&#8221;] L\u2019idea nasce da tre&#8230;<\/p>\n","protected":false},"author":1,"featured_media":0,"parent":0,"menu_order":0,"comment_status":"closed","ping_status":"closed","template":"full_width.php","meta":{"footnotes":""},"class_list":["post-336","page","type-page","status-publish","hentry"],"_links":{"self":[{"href":"http:\/\/www.bimbamondosmi.com\/wp2025\/wp-json\/wp\/v2\/pages\/336","targetHints":{"allow":["GET"]}}],"collection":[{"href":"http:\/\/www.bimbamondosmi.com\/wp2025\/wp-json\/wp\/v2\/pages"}],"about":[{"href":"http:\/\/www.bimbamondosmi.com\/wp2025\/wp-json\/wp\/v2\/types\/page"}],"author":[{"embeddable":true,"href":"http:\/\/www.bimbamondosmi.com\/wp2025\/wp-json\/wp\/v2\/users\/1"}],"replies":[{"embeddable":true,"href":"http:\/\/www.bimbamondosmi.com\/wp2025\/wp-json\/wp\/v2\/comments?post=336"}],"version-history":[{"count":6,"href":"http:\/\/www.bimbamondosmi.com\/wp2025\/wp-json\/wp\/v2\/pages\/336\/revisions"}],"predecessor-version":[{"id":669,"href":"http:\/\/www.bimbamondosmi.com\/wp2025\/wp-json\/wp\/v2\/pages\/336\/revisions\/669"}],"wp:attachment":[{"href":"http:\/\/www.bimbamondosmi.com\/wp2025\/wp-json\/wp\/v2\/media?parent=336"}],"curies":[{"name":"wp","href":"https:\/\/api.w.org\/{rel}","templated":true}]}}