{"id":347,"date":"2025-06-27T15:39:22","date_gmt":"2025-06-27T13:39:22","guid":{"rendered":"http:\/\/www.bimbamondosmi.com\/wp2025\/?page_id=347"},"modified":"2025-07-01T10:55:31","modified_gmt":"2025-07-01T08:55:31","slug":"suore-a-polpenazze","status":"publish","type":"page","link":"http:\/\/www.bimbamondosmi.com\/wp2025\/suore-a-polpenazze\/","title":{"rendered":"Suore a Polpenazze"},"content":{"rendered":"<div class=\"wpb-content-wrapper\"><p>[vc_row css_animation=&#8221;&#8221; row_type=&#8221;row&#8221; use_row_as_full_screen_section=&#8221;no&#8221; type=&#8221;full_width&#8221; angled_section=&#8221;no&#8221; text_align=&#8221;left&#8221; background_image_as_pattern=&#8221;without_pattern&#8221; z_index=&#8221;&#8221;][vc_column][vc_single_image image=&#8221;666&#8243; img_size=&#8221;full&#8221; alignment=&#8221;center&#8221; css=&#8221;&#8221; qode_css_animation=&#8221;&#8221;][vc_empty_space height=&#8221;25&#8243;][\/vc_column][\/vc_row][vc_row css_animation=&#8221;&#8221; row_type=&#8221;row&#8221; use_row_as_full_screen_section=&#8221;no&#8221; type=&#8221;full_width&#8221; angled_section=&#8221;no&#8221; text_align=&#8221;left&#8221; background_image_as_pattern=&#8221;without_pattern&#8221;][vc_column][vc_empty_space height=&#8221;20px&#8221;][vc_column_text css=&#8221;&#8221;]<\/p>\n<h2 style=\"text-align: center;\">Suore dallo Sri Lanka a Polpenazze<\/h2>\n<p>[\/vc_column_text][vc_empty_space height=&#8221;20px&#8221;][vc_row_inner row_type=&#8221;row&#8221; type=&#8221;grid&#8221; text_align=&#8221;left&#8221; css_animation=&#8221;&#8221;][vc_column_inner width=&#8221;1\/3&#8243;][vc_single_image image=&#8221;348&#8243; img_size=&#8221;full&#8221; alignment=&#8221;center&#8221; css=&#8221;&#8221; qode_css_animation=&#8221;&#8221;][vc_empty_space height=&#8221;20px&#8221;]<a  itemprop=\"url\" href=\"http:\/\/www.bimbamondosmi.com\/wp2025\/wp-content\/uploads\/2025\/06\/letteraDioc.pdf\" target=\"_self\"  class=\"qbutton  default\" style=\"\">DECREO DIOCESANO<\/a>[vc_empty_space height=&#8221;20px&#8221;]<a  itemprop=\"url\" href=\"http:\/\/www.bimbamondosmi.com\/wp2025\/wp-content\/uploads\/2025\/06\/constitution.pdf\" target=\"_self\"  class=\"qbutton  default\" style=\"\">ATTO COSTITUZIONE<\/a>[vc_empty_space height=&#8221;20px&#8221;]<a  itemprop=\"url\" href=\"http:\/\/www.bimbamondosmi.com\/wp2025\/wp-content\/uploads\/2025\/06\/Decreto-Diocesano-Verona.pdf\" target=\"_self\"  class=\"qbutton  default\" style=\"\">DECRETO DIOCESANO VERONA<\/a>[vc_empty_space height=&#8221;20px&#8221;][\/vc_column_inner][vc_column_inner width=&#8221;1\/3&#8243;][vc_column_text css=&#8221;&#8221;]<\/p>\n<p class=\"testo\">Dopo 32 anni, tornano le suore a Polpenazze. Per il momento tre: dallo Sri Lanka, arrivano tre Sorelle di Maria Immacolata. Tra qualche mese ne arriveranno altre sette. E saranno sistemate a San Pietro, vicino alla chiesetta, in una casa che la ets Bimba Mondo ha sistemato per loro.<\/p>\n<p class=\"testo\"><b>Il promotore:<\/b> Gabriele Baruzzi, imprenditore del paese -che da 12 anni fa avanti e indietro dallo Sri Lanka e che ha fondato la ets- spiega tutto: \u00abLe ultime suore se ne sono andate da Polpenazze nel 1985. Qualche mese fa don Rinaldo, il parroco, mi ha chiesto se tramite i miei contatti in Sri Lanka potessi far arrivare qualche sorella da l\u00e0, in modo da poter avere da loro un aiuto\u00bb<\/p>\n<p class=\"testo\">Detto, fatto: \u00abCi siamo organizzati ed abbiamo chiesto i permessi del caso. Abbiamo stabilito che il luogo ideale fosse la casa di San Pietro, della parrocchia, cui avevano gi\u00e0 messo mano gli alpini qualche tempo fa. Con il consenso della Diocesi di Verona, don Rinaldo ne ha assegnato per quarant&#8217;anni la gestione a Bimba Mondo e le suore arriveranno domenica 26\u00bb.<\/p>\n<p>[\/vc_column_text][vc_empty_space height=&#8221;20px&#8221;][\/vc_column_inner][vc_column_inner width=&#8221;1\/3&#8243;][vc_column_text css=&#8221;&#8221;]<\/p>\n<p class=\"testo\"><b>L&#8217;orfanotrofio.<\/b> Baruzzi si \u00e8 rivolto a loro perch\u00e8 da anni, personalmente e con la sua ets, sostiene l&#8217;orfanotrofio cingalese che le Suore di Maria Immacolata gestiscono. Ad oggi vi trovano casa 180 bimbe orfane da zero a 13 anni: le suore hanno dapprima trasformato le loro vecchie case-convento di Kelaniya in piccole abitazioni di accoglienza, poi, grazie alla volont\u00e0 del vescovo di Colombo, Oswald Gomis \u00e8 stato costruito il nuovo orfanotrofio.<br \/>\nBaruzzi ha seguito in prima personal&#8217;evolversi della situazione e tutt&#8217;oggi lavora affinch\u00e8 bambine e suore possano ricevere tutto il sostegno di cui hanno bisogno: \u00abLe loro storie sono tragiche, di dolore e sofferenza. Sono certo che la presenza in paese delle Sorelle di Maria Immacolata, oltre ad essere preziosa per i Polpenazzesi, sar\u00e0 importante anche per le nostre bambine dello Sri Lanka: si realizzer\u00e0 una comunione tra le due comunit\u00e0\u00bb.<br \/>\nE \u00abAll&#8217;orfanotrofio serve tutto. Contribuire anche con un gesto da poco, fa la differenza\u00bb Intanto si fa festa: domenica 26 giugno, alle 18, a San Pietro ci sar\u00e0 la Messa per accogliere le suore, parteciperanno la banda e tutte le autorit\u00e0.<\/p>\n<p>[\/vc_column_text][vc_empty_space height=&#8221;20px&#8221;][\/vc_column_inner][\/vc_row_inner][vc_empty_space height=&#8221;33px&#8221;][vc_row_inner row_type=&#8221;row&#8221; type=&#8221;grid&#8221; text_align=&#8221;left&#8221; css_animation=&#8221;&#8221;][vc_column_inner width=&#8221;1\/2&#8243;][vc_empty_space height=&#8221;20px&#8221;][vc_column_text css=&#8221;&#8221;]<\/p>\n<h6>L&#8217;introduzione di Gabriele Baruzzi, e l\u00edntervento di una Sorella<\/h6>\n<p>[\/vc_column_text][vc_empty_space height=&#8221;20px&#8221;][vc_video link=&#8221;https:\/\/vimeo.com\/172902269&#8243; align=&#8221;center&#8221; css=&#8221;&#8221; src=&#8221;&#8220;https:\/\/player.vimeo.com\/video\/172902269?h=cfae4066a3&#8220;&#8221; width=&#8221;&#8220;640&#8220;&#8221; height=&#8221;&#8220;360&#8220;&#8221; frameborder=&#8221;&#8220;0&#8220;&#8221;][vc_empty_space height=&#8221;20px&#8221;][\/vc_column_inner][vc_column_inner width=&#8221;1\/2&#8243;][vc_empty_space height=&#8221;20px&#8221;][vc_column_text css=&#8221;&#8221;]<\/p>\n<h6>L&#8217;uscita dalla chiesa e la Banda<\/h6>\n<p>[\/vc_column_text][vc_empty_space height=&#8221;20px&#8221;][vc_video link=&#8221;https:\/\/vimeo.com\/172903014&#8243; align=&#8221;center&#8221; css=&#8221;&#8221; src=&#8221;&#8220;https:\/\/player.vimeo.com\/video\/172903014?h=14e4a08f66&#8220;&#8221; width=&#8221;&#8220;640&#8220;&#8221; height=&#8221;&#8220;360&#8220;&#8221; frameborder=&#8221;&#8220;0&#8220;&#8221;][vc_empty_space height=&#8221;20px&#8221;][\/vc_column_inner][\/vc_row_inner][vc_empty_space height=&#8221;20px&#8221;][\/vc_column][\/vc_row]<\/p>\n<\/div>","protected":false},"excerpt":{"rendered":"<p>[vc_row css_animation=&#8221;&#8221; row_type=&#8221;row&#8221; use_row_as_full_screen_section=&#8221;no&#8221; type=&#8221;full_width&#8221; angled_section=&#8221;no&#8221; text_align=&#8221;left&#8221; background_image_as_pattern=&#8221;without_pattern&#8221; z_index=&#8221;&#8221;][vc_column][vc_single_image image=&#8221;666&#8243; img_size=&#8221;full&#8221; alignment=&#8221;center&#8221; css=&#8221;&#8221; qode_css_animation=&#8221;&#8221;][vc_empty_space height=&#8221;25&#8243;][\/vc_column][\/vc_row][vc_row css_animation=&#8221;&#8221; row_type=&#8221;row&#8221; use_row_as_full_screen_section=&#8221;no&#8221; type=&#8221;full_width&#8221; angled_section=&#8221;no&#8221; text_align=&#8221;left&#8221; background_image_as_pattern=&#8221;without_pattern&#8221;][vc_column][vc_empty_space height=&#8221;20px&#8221;][vc_column_text css=&#8221;&#8221;] Suore dallo Sri Lanka a Polpenazze [\/vc_column_text][vc_empty_space height=&#8221;20px&#8221;][vc_row_inner row_type=&#8221;row&#8221; type=&#8221;grid&#8221; text_align=&#8221;left&#8221; css_animation=&#8221;&#8221;][vc_column_inner width=&#8221;1\/3&#8243;][vc_single_image image=&#8221;348&#8243; img_size=&#8221;full&#8221; alignment=&#8221;center&#8221; css=&#8221;&#8221; qode_css_animation=&#8221;&#8221;][vc_empty_space height=&#8221;20px&#8221;][vc_empty_space height=&#8221;20px&#8221;][vc_empty_space height=&#8221;20px&#8221;][vc_empty_space&#8230;<\/p>\n","protected":false},"author":1,"featured_media":0,"parent":0,"menu_order":0,"comment_status":"closed","ping_status":"closed","template":"full_width.php","meta":{"footnotes":""},"class_list":["post-347","page","type-page","status-publish","hentry"],"_links":{"self":[{"href":"http:\/\/www.bimbamondosmi.com\/wp2025\/wp-json\/wp\/v2\/pages\/347","targetHints":{"allow":["GET"]}}],"collection":[{"href":"http:\/\/www.bimbamondosmi.com\/wp2025\/wp-json\/wp\/v2\/pages"}],"about":[{"href":"http:\/\/www.bimbamondosmi.com\/wp2025\/wp-json\/wp\/v2\/types\/page"}],"author":[{"embeddable":true,"href":"http:\/\/www.bimbamondosmi.com\/wp2025\/wp-json\/wp\/v2\/users\/1"}],"replies":[{"embeddable":true,"href":"http:\/\/www.bimbamondosmi.com\/wp2025\/wp-json\/wp\/v2\/comments?post=347"}],"version-history":[{"count":14,"href":"http:\/\/www.bimbamondosmi.com\/wp2025\/wp-json\/wp\/v2\/pages\/347\/revisions"}],"predecessor-version":[{"id":667,"href":"http:\/\/www.bimbamondosmi.com\/wp2025\/wp-json\/wp\/v2\/pages\/347\/revisions\/667"}],"wp:attachment":[{"href":"http:\/\/www.bimbamondosmi.com\/wp2025\/wp-json\/wp\/v2\/media?parent=347"}],"curies":[{"name":"wp","href":"https:\/\/api.w.org\/{rel}","templated":true}]}}