{"id":446,"date":"2025-06-30T14:29:29","date_gmt":"2025-06-30T12:29:29","guid":{"rendered":"http:\/\/www.bimbamondosmi.com\/wp2025\/?page_id=446"},"modified":"2025-07-01T11:04:03","modified_gmt":"2025-07-01T09:04:03","slug":"ristrutturazione-2017","status":"publish","type":"page","link":"http:\/\/www.bimbamondosmi.com\/wp2025\/ristrutturazione-2017\/","title":{"rendered":"Ristrutturazione 2017"},"content":{"rendered":"<div class=\"wpb-content-wrapper\"><p>[vc_row css_animation=&#8221;&#8221; row_type=&#8221;row&#8221; use_row_as_full_screen_section=&#8221;no&#8221; type=&#8221;full_width&#8221; angled_section=&#8221;no&#8221; text_align=&#8221;left&#8221; background_image_as_pattern=&#8221;without_pattern&#8221; z_index=&#8221;&#8221;][vc_column][vc_single_image image=&#8221;679&#8243; img_size=&#8221;full&#8221; alignment=&#8221;center&#8221; css=&#8221;&#8221; qode_css_animation=&#8221;&#8221;][vc_empty_space height=&#8221;25&#8243;][\/vc_column][\/vc_row][vc_row css_animation=&#8221;&#8221; row_type=&#8221;row&#8221; use_row_as_full_screen_section=&#8221;no&#8221; type=&#8221;full_width&#8221; angled_section=&#8221;no&#8221; text_align=&#8221;left&#8221; background_image_as_pattern=&#8221;without_pattern&#8221;][vc_column][vc_empty_space height=&#8221;33px&#8221;][vc_column_text css=&#8221;&#8221;]<\/p>\n<h2 style=\"text-align: center;\">Ristrutturazione asilo adiacente all&#8217;orfanotrofio di Kelanja 2017<\/h2>\n<p>[\/vc_column_text][vc_empty_space height=&#8221;33px&#8221;][vc_row_inner row_type=&#8221;row&#8221; type=&#8221;full_width&#8221; text_align=&#8221;left&#8221; css_animation=&#8221;&#8221;][vc_column_inner width=&#8221;1\/4&#8243;][\/vc_column_inner][vc_column_inner width=&#8221;1\/2&#8243;][vc_column_text css=&#8221;&#8221;]<\/p>\n<p class=\"\">Dopo qualche mese di attesa sono finalmente iniziati i lavori di ristrutturazione all&#8217;asilo; questa struttura sorge accanto all&#8217;orfanotrofio di Kelanja. I lavori non sarebbero potuti iniziare senza il contributo dei sostenitori di BimbaMondoSmi.<\/p>\n<p>La conclusione dei lavori \u00e8 prevista per dicembre ed io (Gabriele Baruzzi) sar\u00f2 la in prima persona per vedere il progetto ultimato. Grazie a questa ristrutturazione l&#8217;asilo potr\u00e0 ospitare bambini e anche famiglie esterne.<\/p>\n<p>Ancora un GRAZIE a tutti coloro che aiutano BimbaMondoSmi.<\/p>\n<p><strong><span style=\"color: #ff0000;\">Aggiornamento novembre 2017<\/span><\/strong><\/p>\n<p>I lavori procedono e dovrebbero concludersi a dicembre[\/vc_column_text][\/vc_column_inner][vc_column_inner width=&#8221;1\/4&#8243;][\/vc_column_inner][\/vc_row_inner][vc_empty_space height=&#8221;33px&#8221;][vc_row_inner row_type=&#8221;row&#8221; type=&#8221;grid&#8221; text_align=&#8221;left&#8221; css_animation=&#8221;&#8221;][vc_column_inner][vc_empty_space height=&#8221;33px&#8221;][vc_gallery type=&#8221;image_grid&#8221; images=&#8221;450,451,452,453,454,455,456,457,458,459,460,461,462,463,464,465,466,467,468,469,470,471,472,473,474,475,476,477,478,479,480,481,482,483,484,485,486,487,488,489,490&#8243; img_size=&#8221;400&#215;400&#8243; css=&#8221;&#8221; column_number=&#8221;5&#8243; grayscale=&#8221;no&#8221; images_space=&#8221;gallery_with_space&#8221;][\/vc_column_inner][\/vc_row_inner][vc_empty_space height=&#8221;33px&#8221;][vc_empty_space height=&#8221;20px&#8221;][\/vc_column][\/vc_row]<\/p>\n<\/div>","protected":false},"excerpt":{"rendered":"<p>[vc_row css_animation=&#8221;&#8221; row_type=&#8221;row&#8221; use_row_as_full_screen_section=&#8221;no&#8221; type=&#8221;full_width&#8221; angled_section=&#8221;no&#8221; text_align=&#8221;left&#8221; background_image_as_pattern=&#8221;without_pattern&#8221; z_index=&#8221;&#8221;][vc_column][vc_single_image image=&#8221;679&#8243; img_size=&#8221;full&#8221; alignment=&#8221;center&#8221; css=&#8221;&#8221; qode_css_animation=&#8221;&#8221;][vc_empty_space height=&#8221;25&#8243;][\/vc_column][\/vc_row][vc_row css_animation=&#8221;&#8221; row_type=&#8221;row&#8221; use_row_as_full_screen_section=&#8221;no&#8221; type=&#8221;full_width&#8221; angled_section=&#8221;no&#8221; text_align=&#8221;left&#8221; background_image_as_pattern=&#8221;without_pattern&#8221;][vc_column][vc_empty_space height=&#8221;33px&#8221;][vc_column_text css=&#8221;&#8221;] Ristrutturazione asilo adiacente all&#8217;orfanotrofio di Kelanja 2017 [\/vc_column_text][vc_empty_space height=&#8221;33px&#8221;][vc_row_inner row_type=&#8221;row&#8221; type=&#8221;full_width&#8221; text_align=&#8221;left&#8221; css_animation=&#8221;&#8221;][vc_column_inner width=&#8221;1\/4&#8243;][\/vc_column_inner][vc_column_inner width=&#8221;1\/2&#8243;][vc_column_text css=&#8221;&#8221;] Dopo qualche mese di attesa&#8230;<\/p>\n","protected":false},"author":1,"featured_media":0,"parent":0,"menu_order":0,"comment_status":"closed","ping_status":"closed","template":"full_width.php","meta":{"footnotes":""},"class_list":["post-446","page","type-page","status-publish","hentry"],"_links":{"self":[{"href":"http:\/\/www.bimbamondosmi.com\/wp2025\/wp-json\/wp\/v2\/pages\/446","targetHints":{"allow":["GET"]}}],"collection":[{"href":"http:\/\/www.bimbamondosmi.com\/wp2025\/wp-json\/wp\/v2\/pages"}],"about":[{"href":"http:\/\/www.bimbamondosmi.com\/wp2025\/wp-json\/wp\/v2\/types\/page"}],"author":[{"embeddable":true,"href":"http:\/\/www.bimbamondosmi.com\/wp2025\/wp-json\/wp\/v2\/users\/1"}],"replies":[{"embeddable":true,"href":"http:\/\/www.bimbamondosmi.com\/wp2025\/wp-json\/wp\/v2\/comments?post=446"}],"version-history":[{"count":7,"href":"http:\/\/www.bimbamondosmi.com\/wp2025\/wp-json\/wp\/v2\/pages\/446\/revisions"}],"predecessor-version":[{"id":680,"href":"http:\/\/www.bimbamondosmi.com\/wp2025\/wp-json\/wp\/v2\/pages\/446\/revisions\/680"}],"wp:attachment":[{"href":"http:\/\/www.bimbamondosmi.com\/wp2025\/wp-json\/wp\/v2\/media?parent=446"}],"curies":[{"name":"wp","href":"https:\/\/api.w.org\/{rel}","templated":true}]}}

<div class="wpb-content-wrapper"><p>[vc_row css_animation=&#8221;&#8221; row_type=&#8221;row&#8221; use_row_as_full_screen_section=&#8221;no&#8221; type=&#8221;full_width&#8221; angled_section=&#8221;no&#8221; text_align=&#8221;left&#8221; background_image_as_pattern=&#8221;without_pattern&#8221; z_index=&#8221;&#8221;][vc_column][vc_single_image image=&#8221;679&#8243; img_size=&#8221;full&#8221; alignment=&#8221;center&#8221; css=&#8221;&#8221; qode_css_animation=&#8221;&#8221;][vc_empty_space height=&#8221;25&#8243;][/vc_column][/vc_row][vc_row css_animation=&#8221;&#8221; row_type=&#8221;row&#8221; use_row_as_full_screen_section=&#8221;no&#8221; type=&#8221;full_width&#8221; angled_section=&#8221;no&#8221; text_align=&#8221;left&#8221; background_image_as_pattern=&#8221;without_pattern&#8221;][vc_column][vc_empty_space height=&#8221;33px&#8221;][vc_column_text css=&#8221;&#8221;]</p>
<h2 style="text-align: center;">Ristrutturazione asilo adiacente all&#8217;orfanotrofio di Kelanja 2017</h2>
<p>[/vc_column_text][vc_empty_space height=&#8221;33px&#8221;][vc_row_inner row_type=&#8221;row&#8221; type=&#8221;full_width&#8221; text_align=&#8221;left&#8221; css_animation=&#8221;&#8221;][vc_column_inner width=&#8221;1/4&#8243;][/vc_column_inner][vc_column_inner width=&#8221;1/2&#8243;][vc_column_text css=&#8221;&#8221;]</p>
<p class="">Dopo qualche mese di attesa sono finalmente iniziati i lavori di ristrutturazione all&#8217;asilo; questa struttura sorge accanto all&#8217;orfanotrofio di Kelanja. I lavori non sarebbero potuti iniziare senza il contributo dei sostenitori di BimbaMondoSmi.</p>
<p>La conclusione dei lavori è prevista per dicembre ed io (Gabriele Baruzzi) sarò la in prima persona per vedere il progetto ultimato. Grazie a questa ristrutturazione l&#8217;asilo potrà ospitare bambini e anche famiglie esterne.</p>
<p>Ancora un GRAZIE a tutti coloro che aiutano BimbaMondoSmi.</p>
<p><strong><span style="color: #ff0000;">Aggiornamento novembre 2017</span></strong></p>
<p>I lavori procedono e dovrebbero concludersi a dicembre[/vc_column_text][/vc_column_inner][vc_column_inner width=&#8221;1/4&#8243;][/vc_column_inner][/vc_row_inner][vc_empty_space height=&#8221;33px&#8221;][vc_row_inner row_type=&#8221;row&#8221; type=&#8221;grid&#8221; text_align=&#8221;left&#8221; css_animation=&#8221;&#8221;][vc_column_inner][vc_empty_space height=&#8221;33px&#8221;][vc_gallery type=&#8221;image_grid&#8221; images=&#8221;450,451,452,453,454,455,456,457,458,459,460,461,462,463,464,465,466,467,468,469,470,471,472,473,474,475,476,477,478,479,480,481,482,483,484,485,486,487,488,489,490&#8243; img_size=&#8221;400&#215;400&#8243; css=&#8221;&#8221; column_number=&#8221;5&#8243; grayscale=&#8221;no&#8221; images_space=&#8221;gallery_with_space&#8221;][/vc_column_inner][/vc_row_inner][vc_empty_space height=&#8221;33px&#8221;][vc_empty_space height=&#8221;20px&#8221;][/vc_column][/vc_row]</p>
</div>
